highest common factor of 44765 and 66846935.
6395
Calculate the greatest common factor of 511627194 and 962.
962
Calculate the greatest common factor of 735808 and 164.
4
Calculate the greatest common factor of 15990234 and 2652.
1326
Calculate the highest common factor of 1103556 and 17548.
164
Calculate the highest common divisor of 193664 and 166430.
3026
Calculate the greatest common factor of 5700563 and 55.
11
Calculate the greatest common factor of 66001 and 109779971.
5077
What is the highest common factor of 15419 and 2745489?
907
What is the greatest common divisor of 24057 and 81741?
33
Calculate the highest common factor of 17964126 and 316.
158
Calculate the highest common divisor of 709648605 and 18.
9
What is the highest common divisor of 17124849 and 49693?
1603
Calculate the highest common divisor of 2190 and 10857290.
730
Calculate the greatest common factor of 2548931 and 179702.
4729
Calculate the highest common divisor of 3608 and 583992.
8
Calculate the highest common divisor of 6211 and 795.
1
What is the greatest common divisor of 1718912 and 600704?
1664
What is the greatest common factor of 180 and 144437265?
45
What is the highest common factor of 45073 and 1186283?
959
Calculate the highest common factor of 783190 and 16531.
271
Calculate the highest common divisor of 13 and 708636539.
13
What is the greatest common divisor of 3825 and 16006095?
765
Calculate the greatest common divisor of 148200 and 2300064.
5928
Calculate the highest common factor of 98895743 and 43.
43
Calculate the highest common divisor of 30706964 and 8398.
646
What is the highest common factor of 18652536 and 1911?
147
Calculate the greatest common factor of 6784 and 57982.
106
Calculate the greatest common factor of 65942271 and 134.
67
What is the highest common divisor of 994 and 32669088?
142
Calculate the highest common factor of 39896121 and 159.
159
Calculate the highest common factor of 1071486 and 13617946.
9158
Calculate the highest common divisor of 52504 and 222672.
8
What is the highest common factor of 323 and 136885823?
19
What is the greatest common divisor of 18804 and 16956?
12
Calculate the highest common divisor of 5191589 and 26.
13
What is the highest common divisor of 30 and 3031030?
10
Calculate the highest common factor of 5762224 and 24336.
2704
Calculate the highest common divisor of 414 and 4308176.
46
Calculate the greatest common divisor of 902 and 7459458.
82
What is the greatest common factor of 41 and 44925135?
41
What is the highest common factor of 794717 and 847?
77
Calculate the greatest common divisor of 3087 and 1082165.
343
Calculate the highest common divisor of 68 and 253517260.
68
Calculate the highest common factor of 330 and 301202.
22
What is the greatest common divisor of 13 and 143309777?
13
Calculate the greatest common divisor of 1313 and 482847872.
1313
What is the highest common divisor of 234967407 and 10953?
3651
What is the highest common divisor of 16852516 and 848?
212
What is the highest common factor of 40588268 and 56?
28
Calculate the highest common factor of 776533782 and 614.
614
Calculate the highest common divisor of 6832 and 32074672.
112
What is the highest common divisor of 56 and 172606952?
56
Calculate the highest common factor of 722 and 16173.
1
Calculate the greatest common divisor of 225 and 62788860.
45
What is the highest common divisor of 6885 and 483182415?
6885
Calculate the greatest common factor of 354 and 1559842.
118
Calculate the highest common factor of 980 and 5117570.
10
What is the highest common divisor of 153762 and 8235681?
1569
Calculate the greatest common factor of 835 and 26563688.
167
Calculate the greatest common factor of 4432 and 40246438.
554
What is the greatest common divisor of 101081640 and 2640?
1320
Calculate the greatest common factor of 87998 and 506.
46
What is the greatest common factor of 1659 and 669774?
21
Calculate the highest common factor of 24690 and 68490.
30
What is the greatest common divisor of 1604 and 59817972?
1604
What is the greatest common divisor of 158002520 and 600?
40
What is the highest common factor of 931290 and 55500?
1110
Calculate the highest common factor of 198936 and 311040.
648
Calculate the greatest common factor of 31776160 and 520.
520
What is the highest common divisor of 854 and 888146?
14
What is the greatest common factor of 2304 and 20193024?
768
What is the greatest common divisor of 176871 and 114405?
87
What is the highest common divisor of 314250 and 158382?
2514
What is the greatest common factor of 20448 and 2036919?
213
Calculate the highest common divisor of 758081544 and 8976.
4488
What is the greatest common factor of 13969053 and 3213?
1071
Calculate the highest common divisor of 52738095 and 3335.
145
Calculate the highest common divisor of 3606324 and 221238.
1446
What is the greatest common divisor of 5090 and 11140?
10
Calculate the greatest common divisor of 21 and 64346961.
21
What is the greatest common divisor of 4275 and 42531975?
4275
Calculate the highest common factor of 15355 and 874405.
415
What is the greatest common factor of 690 and 8331270?
30
Calculate the greatest common divisor of 186503 and 199133.
421
Calculate the greatest common factor of 2331513 and 30537.
261
Calculate the greatest common divisor of 1185 and 2986595.
395
What is the greatest common factor of 112694 and 5007314?
1682
What is the highest common divisor of 1215985 and 5?
5
Calculate the highest common divisor of 32 and 4091344.
16
Calculate the greatest common divisor of 19115 and 1270.
5
What is the highest common factor of 4914114 and 189500?
758
What is the highest common divisor of 34510365 and 2007?
2007
Calculate the highest common factor of 8811984 and 2176.
272
Calculate the greatest common factor of 990385 and 286.
11
Calculate the greatest common factor of 15495 and 30311319.
3099
Calculate the highest common factor of 348 and 78278946.
174
What is the greatest common divisor of 258 and 88551061?
43
What is the highest common divisor of 15148 and 720007162?
7574
Calculate the highest common divisor of 1830 and 1056886.
122
What is the highest common factor of 122163 and 4511508?
2841
What is the greatest common factor of 200741 and 243907?
191
Calculate the highest common divisor of 356416813 and 41.
41
What is the highest common factor of 230012 and 3004?
4
What is the greatest common factor of 456 and 17672376?
24
What is the greatest common factor of 26461920 and 13440?
480
Calculate the greatest common factor of 555 and 10107105.
555
Calculate the highest common divisor of 3104 and 478598.
194
What is the highest common divisor of 14388 and 1060026?
66
Calculate the greatest common factor of 2121 and 22580166.
2121
Calculate the greatest common divisor of 8557 and 120793.
199
Calculate the greatest common factor of 2240 and 206318.
14
What is the highest common divisor of 765754525 and 355?
355
Calculate the highest common divisor of 1688 and 4052044.
844
Calculate the greatest common divisor of 18 and 151371.
9
Calculate the greatest common divisor of 204680 and 13932.
172
What is the greatest common factor of 408196696 and 536?
536
Calculate the highest common divisor of 21 and 36103683.
21
Calculate the greatest common factor of 7 and 12123237.
7
What is the highest common factor of 19122821 and 12701?
977
Calculate the highest common divisor of 1350102 and 26.
26
Calculate the greatest common factor of 511 and 921625.
73
Calculate the greatest common divisor of 104915 and 30.
5
Calculate the highest common factor of 308898 and 225.
9
What is the highest common divisor of 8471 and 1817719?
197
What is the highest common factor of 19064773 and 832?
13
What is the greatest common factor of 6831 and 194304?
759
What is the highest common factor of 140296409 and 22?
11
What is the highest common divisor of 9453980 and 2580?
860
Calculate the greatest common factor of 15981 and 124467.
21
What is the greatest common factor of 823914 and 31304?
182
Calculate the greatest common factor of 29784 and 196078.
2482
Calculate the highest common divisor of 103798946 and 3886.
3886
What is the highest common divisor of 6065 and 3310?
5
Calculate the greatest common factor of 2624 and 570